q - 6 + 0 + 3 - q**2. What is the units digit of d(11)?
5
Suppose -17*v - 4382 = -3*v. Let s = v + 490. What is the tens digit of s?
7
Suppose 0 = 3*u + 19 - 103. Let g = 25 - u. What is the tens digit of g/(18/8)*-39?
5
Let c(j) = -j**2 + 27*j + 79. What is the hundreds digit of c(21)?
2
Let r = -2062 + 6589. What is the thousands digit of r?
4
Let j = 15 + -39. Let u = 35 + j. Let r(k) = -k**2 + 10*k + 15. What is the units digit of r(u)?
4
Suppose -5 - 7 = o. Let p = -12 - o. Suppose 4*g - 28 - 120 = p. What is the tens digit of g?
3
What is the thousands digit of 3*((-8864)/(-6))/4?
1
Let l(k) = -2*k**3 - 2*k**2 - 3*k + 253. What is the tens digit of l(0)?
5
Let o be 11/2 + (-8)/(-16). Suppose -o*f + 174 = -6. What is the tens digit of f?
3
Let i be (-105)/(-28) + 2/8. Suppose 3*u - 18 = -5*k + 2*k, 0 = -i*u + 3*k - 11. Let h = u + 8. What is the units digit of h?
9
Suppose -a - 390 = -y + 15, -3*a - 397 = -y. What is the units digit of y?
9
Suppose -5*t + 4*u + 75 - 9 = 0, 2*u - 12 = -2*t. Let d(f) = 4*f + 2*f + 2*f - t. What is the tens digit of d(6)?
3
What is the hundreds digit of 84/126*1734/4?
2
Let l(r) = 4*r**2 - 4*r + 10. Let n be l(5). Let c = -19 + n. What is the tens digit of c?
7
Suppose -5*y = -59 - 106. Let u = y + 0. What is the tens digit of u?
3
What is the hundreds digit of (2 - 1)/(3 + (-6346)/2116)?
0
Suppose o + 14 = 5*s, -2*s - 5 = 2*o - 13. Suppose -o = -2*h - 5. Let j(m) = -4*m**3 - 3*m**2 - 5*m - 5. What is the tens digit of j(h)?
2
Let z be 9/(-3)*(6 - 7). Let b(l) = 9*l - 2. Let o be b(z). Let k = o - -15. What is the units digit of k?
0
Let c be 2 + 2 + (3 - 3). Suppose -52 = -3*t - c*x + 90, -139 = -3*t - x. What is the units digit of t?
6
What is the tens digit of (-25738)/(-22) - ((-8)/(-8))/(-11)?
7
Let b(p) = p**3 + p - 1. Let d(t) = 4*t**3 - 8*t**2 - 14*t + 26. Let j(n) = -3*b(n) + d(n). What is the units digit of j(10)?
9
Let p = -217 + 424. What is the hundreds digit of p?
2
Let d = -10 - -16. Let g = 8 - d. Let c(x) = 3*x**3 + 2*x**2 - 2*x - 2. What is the units digit of c(g)?
6
Suppose -110916 = -17*u - 22*u. What is the units digit of u?
4
Let g(x) = x**2 - 2*x + 24. Let c be g(-8). Let a(d) = -d**3 + 5*d**2 - 3*d - 3. Let z be a(3). What is the tens digit of c/z + (-4)/12?
1
Suppose 28*f - 2*u = 23*f + 8798, -2*f + 3518 = -2*u. What is the thousands digit of f?
1
Let d = -325 + 550. What is the units digit of d?
5
What is the hundreds digit of 3/((-26262)/8756 + 6/2)?
3
Suppose -80*c + 54*c + 158860 = 0. What is the hundreds digit of c?
1
Let i = 10 + -6. Suppose -u - 129 = -k, 0*u + 506 = i*k - 2*u. What is the units digit of k?
4
What is the tens digit of (-4154)/(-6) + (-92)/(-138)?
9
Let o(z) = -z**3 + 4*z**2 + 5*z + 1. Let f be o(5). Let y(p) = 25*p**3 + 2*p - 1. Let x be y(f). Suppose 0 = -m - 24 + x. What is the units digit of m?
2
Let l = 6 - -33. Suppose c = a - 2*a + 1, 4*c + 2 = -a. What is the units digit of (3 + -3)/a + l?
9
Suppose 6*x + 591 = -213. What is the units digit of x/(-2) - (2 + -4 + 3)?
6
Let w = -197 - -390. Let g = w - 100. What is the units digit of g?
3
Suppose -12*i + 4051 = -7721. What is the tens digit of i?
8
Let r(c) = -7*c**2 - 2*c + 1. Let l be r(1). Let x = 16 + l. Let o = 0 + x. What is the units digit of o?
8
Suppose -a = -5*l + 1795, 18*a - 14*a = 4*l - 1452. What is the tens digit of l?
5
Suppose -3*p + 3*h + 27 = 0, -3*p + 20 = 2*h + 2*h. Suppose 900 = p*c - 3*c. What is the units digit of c?
0
Suppose 4*i + 2*p = 270 + 370, 800 = 5*i - p. What is the units digit of i?
0
Suppose 2*p - 3*p = 0. Let f be (-3)/(p - (-12)/(-20)). Suppose 131 = 7*v - 3*v + f*m, -3*v = m - 90. What is the units digit of v?
9
Let z(l) = l**3 + l**2 + l + 5. Let r be z(0). Let b(n) = -5*n + 8 - 5 + 2*n - r. What is the units digit of b(-3)?
7
Let t = 134 - 93. Suppose -36*z + t*z = 165. What is the tens digit of z?
3
Let w be 3/6 + (-46)/(-4). Suppose -911 = -w*c + 73. What is the units digit of c?
2
Let c = -424 - -1535. What is the thousands digit of c?
1
Let l = -7 - -13. Let o(t) = -t**2 + 7*t - 2. Let r be o(l). Suppose -r*g - 48 = -6*g. What is the units digit of g?
4
Let d = -4 - -7. Suppose 3*t - 3*h - 220 = t, t + 2*h - 96 = 0. Suppose -d*p = p - t. What is the tens digit of p?
2
Let a(i) = -i - 2. Let x be a(-4). Suppose 4*n + 4 = 3*r - 2, x*n = -5*r + 10. Suppose 5*w + 128 - 333 = n. What is the tens digit of w?
4
Suppose -4*s - 10 = u - 6*u, -2*s = 0. Suppose -u*c = -5*c + 276. What is the units digit of c?
2
Let a(b) = b**3 - 7*b**2 + 19*b - 7. Let v be a(10). Let j = v - 284. What is the hundreds digit of j?
1
Suppose 21*l - 14*l = -42. Let m = -28 - -78. Let w = m + l. What is the units digit of w?
4
Let i = 10 - 19. Let y be ((-66)/i)/(12/18). Let s = 20 - y. What is the units digit of s?
9
Let b(v) = 42*v - 9. Let w be b(-8). Let h be w/(-27) - (-8)/36. Suppose 3*s + h - 61 = 0. What is the units digit of s?
6
Let o(g) = 19*g**2 - 9*g - 42. What is the thousands digit of o(12)?
2
What is the hundreds digit of (-5)/(-2)*225104/440?
2
Let l = 33 - 36. Let i = l - -31. What is the tens digit of i?
2
Let n = 73 + 207. What is the tens digit of n?
8
Suppose 8 = 4*h - 16. Suppose h*t - 290 = t. What is the tens digit of t?
5
Let o(x) = 6*x**3 + 9*x**2 - 16*x. What is the units digit of o(7)?
7
Suppose 5*m + 3*l = -135, -4*m - 3*l = -2*l + 108. What is the units digit of 6/m + (-2625)/(-27)?
7
Suppose 2*c - 1382 = -4*u, c + 3 = 4. Let f = 652 - u. What is the units digit of f?
7
Suppose 4*y + 4*d - 24 = 0, 0*y + d = 2*y - 6. Suppose 2*c = -4*j + 78, 9*c - 4*c = 5*j - 135. Let x = j - y. What is the units digit of x?
8
Suppose -r = -2*w + 9, -13 = -3*r - 3*w - w. Let b be r*(-4 + 2)*1. Suppose -2*o - 3*o + 350 = 2*t, -o - b*t = -78. What is the units digit of o?
8
Suppose -3*y - 5*m = -8*m - 11022, 5*m - 3704 = -y. What is the units digit of y?
9
Let k(m) = 2*m**2 + 5*m - 31. What is the units digit of k(-11)?
6
Suppose 0 = -3*n + 6 + 6. Suppose 171 = -n*c + 487. What is the tens digit of c?
7
Suppose -o + 6*o = -5*y + 1765, 5*o = -3*y + 1767. What is the hundreds digit of o?
3
Let z(r) = -r**2 + 3*r + 4. Let d(v) = v**2 + 3*v + 4. Let f be d(-3). Let u be z(f). Suppose -4*y - y + 115 = u. What is the units digit of y?
3
Suppose 623 = 5*l - 2077. What is the units digit of l?
0
Let x be 798/(-7) + 1/(2/4). What is the tens digit of (-2496)/x - 4/14?
2
Suppose 0 = -3*g - g + 5*w + 2, 2*g = 4*w - 2. Let a(z) = 9*z**2 - 2*z + 5. What is the tens digit of a(g)?
8
Let l(r) = -r**3 - 23*r**2 - 11*r + 39. What is the hundreds digit of l(-23)?
2
Suppose 137*y + 26056 = 4*c + 140*y, 0 = 2*c - 2*y - 13028. What is the units digit of c?
4
Let x = -59 - -69. Let s(d) = 7 + 5*d**2 - 10*d - 4*d**2 + 6. What is the tens digit of s(x)?
1
Suppose 4*q = 3*q + 147. Suppose 2*l - q - 73 = x, -3*x = 3*l - 330. What is the hundreds digit of l?
1
Suppose 10*x = 5*x + c + 3007, 0 = -4*c - 8. What is the tens digit of x?
0
Let c be 0 + 21 - (-48)/12. Let h be (-1)/(-5) - (-420)/c. What is the tens digit of 733/h - (-28)/(-238)?
4
What is the units digit of ((-184)/(-24) + -6)*1*978?
0
Let u be 1*(0 - (3 + -2)) - 2. What is the units digit of 1/(((-3)/u)/55)?
5
Let y(f) = f**3 + f + 2. Let v be y(0). Let k = v - 1. What is the units digit of k + 2 + (19 - 0)?
2
Suppose 2*m + 9*m - 22 = 0. Suppose -l - x + 231 = 0, l - 5*x + m*x - 247 = 0. What is the hundreds digit of l?
2
Suppose 4*q - 8 = -3*t, t + 10*q - 5*q + 1 = 0. Suppose t*c - 15 = -35, 0 = 2*v + c - 19. Suppose 36 = 2*h + v. What is the tens digit of h?
1
Let q(w) = -w**3 - 15*w**2 + 6*w - 24. What is the hundreds digit of q(-17)?
4
Let s(y) = 51*y - 2. Let a be s(5). Let p = a + -121. What is the tens digit of p?
3
Suppose 3*t - 327 - 75 = 0. Suppose 92 + t = 2*z. What is the tens digit of z?
1
Let y(g) = 6*g**2 + 4*g + 14. Let x(l) = -11*l**2 - 8*l - 27. Let p(i) = -4*x(i) - 7*y(i). What is the units digit of p(-7)?
0
Let d = -4 + -14. Let h be 33/(-2) - (-12)/(-24). Let y = h - d. What is the units digit of y?
1
Let h be (-302)/(-8) - (-1 + 6/8). Let b = 94 - h. What is the tens digit of b?
5
Suppose 43*c = -12*c + 89595. What is the thousands digit of c?
1
Suppose 0 = -2*p - 5*v - 25, -p - 4*v = 4*p + 20. Suppose -2*z = -16 - p. Le